3441230
Convert -54301 (base 8) to base 6.
-253105
125ad2 (base 14) to base 13
190cb7
What is -146831 (base 9) in base 10?
-90343
What is -22402 (base 13) in base 9?
-104274
Convert -311275 (base 11) to base 8.
-1717371
5352352 (base 6) to base 12
1086b8
1419 (base 12) to base 4
210111
-110001100100001110 (base 2) to base 11
-129596
-296b29 (base 15) to base 2
-111100111100101010011
26fc3 (base 16) to base 9
263035
Convert -106479 (base 13) to base 7.
-3163116
What is 104222334 (base 5) in base 6?
13514041
Convert 20260755 (base 8) to base 13.
b70465
Convert 11121001010002 (base 3) to base 14.
477a92
1110220201001 (base 3) to base 7
6451342
Convert -db7b9 (base 14) to base 7.
-4341322
220420024 (base 5) to base 12
39a600
-132224022 (base 6) to base 4
-22002201032
Convert 10993 (base 14) to base 16.
9d75
What is -105a53 (base 12) in base 6?
-5314543
739334 (base 12) to base 9
3373574
What is 145c82 (base 13) in base 12?
2006a8
What is -2300773 (base 9) in base 13?
-345927
4104421 (base 7) to base 3
220211202121
9067c (base 13) to base 12
10549a
Convert -30213324 (base 6) to base 4.
-3101111110
-23443031 (base 5) to base 14
-598c4
-1002021121112 (base 3) to base 12
-239658
What is -601bd (base 14) in base 5?
-24341414
301645 (base 10) to base 12
126691
What is 100223122321 (base 4) in base 8?
20533271
What is 8634d (base 15) in base 12?
18663a
5342547 (base 12) to base 2
111100001000100010000111
Convert -15420000 (base 6) to base 9.
-1023200
Convert 4a1aa (base 13) to base 8.
412513
-3143304 (base 5) to base 3
-2200122021
1931696 (base 13) to base 5
4103214323
What is -f03b01 (base 16) in base 5?
-13012244440
36121a (base 11) to base 13
170818
What is 495197a (base 12) in base 5?
12124241342
112220221121 (base 3) to base 13
a3921
What is -11003112102 (base 4) in base 15?
-1b2659
Convert 23041c (base 14) to base 8.
4427432
Convert 3224a (base 11) to base 2.
1011011100100001
101401 (base 7) to base 5
1023342
What is -386226 (base 9) in base 11?
-14aa55
Convert 110715 (base 10) to base 2.
11011000001111011
What is -11122112121011 (base 3) in base 11?
-143856a
Convert -111100111011110111 (base 2) to base 13.
-897b4
Convert 40c2dd (base 15) to base 14.
5a1d62
-1ddc2c (base 15) to base 3
-2202101101120
-1315432 (base 7) to base 6
-3410101
Convert -7660053 (base 8) to base 9.
-3773555
Convert 2132210 (base 4) to base 14.
39ac
What is -1111111010111010 (base 2) in base 13?
-238b2
What is -11220100 (base 5) in base 7?
-601156
Convert -3034536 (base 7) to base 11.
-227904
Convert 6f2e04 (base 16) to base 9.
14634802
Convert -217661 (base 8) to base 9.
-122022
What is 1818356 (base 9) in base 14?
1c6648
What is 11fbd (base 16) in base 4?
101332331
-126a18 (base 13) to base 4
-1230032230
What is -94015 (base 11) in base 10?
-137109
Convert 2816480 (base 9) to base 13.
421c68
-b845 (base 15) to base 11
-27326
18962b (base 13) to base 12
25b191
119c21 (base 13) to base 8
1467462
What is -73836 (base 10) in base 13?
-277b9
Convert -ac6 (base 16) to base 5.
-42013
527216 (base 12) to base 7
14014233
What is 21002020121101 (base 3) in base 9?
7066541
What is 132131013 (base 5) in base 4?
2201132013
Convert 11454 (base 7) to base 14.
112b
What is 4e637 (base 15) in base 9?
422457
a3a35a (base 12) to base 9
4744047
2041514 (base 9) to base 14
205489
Convert 2042343423 (base 5) to base 4.
100100213123
-11502b (base 12) to base 7
-2236130
Convert 444010132 (base 5) to base 13.
52b25a
What is -10203233313 (base 4) in base 3?
-2020201020020
What is 12011120202 (base 3) in base 13?
37415
-d33d (base 15) to base 14
-12384
-7841a37 (base 11) to base 14
-1b7d172
What is 56675 (base 11) in base 5?
10110444
What is 12231240 (base 5) in base 7?
1000064
What is 51063220 (base 7) in base 3?
21222222011011
-40662050 (base 8) to base 15
-b51571
Convert 50ea6c (base 15) to base 4.
32223011031
What is -6736 (base 8) in base 5?
-103200
What is -654176 (base 9) in base 16?
-5f415
147351 (base 10) to base 14
3b9b1
Convert -13450754 (base 8) to base 16.
-2e51ec
What is -1010011011111111100 (base 2) in base 6?
-11155220
What is 3005121 (base 7) in base 14?
933b8
6053826 (base 9) to base 3
20001210220220
What is 6121bf (base 16) in base 8?
30220677
What is 100101000100011 (base 2) in base 14?
6cb9
-11044324413 (base 5) to base 12
-4079247
Convert -122202212 (base 4) to base 9.
-175108
What is 69e7cc (base 15) in base 11?
2947361
Convert -108ca0 (base 13) to base 4.
-1133131303
Convert 1121100021 (base 3) to base 15.
9567
-22561554 (base 7) to base 3
-10201200001010
Convert -207871 (base 9) to base 3.
-20021222101
Convert 8590a5 (base 11) to base 4.
11033120023
777272 (base 9) to base 15
929d5
What is 4067229 (base 10) in base 4?
33200332131
What is -14030243 (base 5) in base 3?
-21020120111
Convert 20201022102 (base 3) to base 4.
200101100
What is -1420346 (base 9) in base 13?
-214674
Convert -5c9841 (base 13) to base 9.
-4153703
Convert -205310 (base 9) to base 16.
-1dc8b
What is 223406 (base 8) in base 12?
3785a
450bb (base 14) to base 7
1265324
Convert -67a11 (base 14) to base 10.
-251679
Convert -56f4 (base 16) to base 14.
-8180
-211261340 (base 7) to base 2
-101111110000011110100100
-13222030213 (base 4) to base 3
-10210000020201
3025533 (base 13) to base 4
313200012231
What is -170389 (base 15) in base 11?
-6a1421
Convert 226b958 (base 12) to base 3.
110110001021112
What is -9bbb2 (base 12) in base 8?
-624766
1000111010101001110110 (base 2) to base 16
23aa76
What is -101723 (base 8) in base 7?
-200250
What is -2a71506 (base 13) in base 3?
-221112101212221
c18f9 (base 16) to base 5
200332300
What is 15232352 (base 6) in base 8?
2021354
Convert -10728048 (base 10) to base 3.
-202012001010010
Convert 2575135 (base 9) to base 12.
57a858
35547306 (base 8) to base 5
3443124212
What is -53aaa7 (base 12) in base 5?
-314401330
What is 10000010110001100001001 (base 2) in base 16?
416309
What is 3380f (base 16) in base 5?
23222314
-62931 (base 10) to base 16
-f5d3
What is -4115056 (base 7) in base 15?
-9a9aa
What is 46867 (base 15) in base 14?
5bc23
-2325417 (base 8) to base 12
-266813
-261462 (base 7) to base 3
-2110200010
Convert -1101111010010111 (base 2) to base 5.
-3310413
What is -2a1385 (base 12) in base 13?
-1b9c17
2774216 (base 8) to base 3
1110212011112
Convert 554231 (base 13) to base 4.
13222111310
12b448 (base 14) to base 6
21501144
145a3 (base 16) to base 12
402ab
24043 (base 6) to base 9
4700
Convert 7550a (base 16) to base 5.
110334042
42256 (base 15) to base 5
23203111
Convert -5461766 (base 8) to base 7.
-15321040
Convert 141682 (base 9) to base 5.
10232312
What is -154377 (base 9) in base 8?
-271553
1101011 (base 2) to base 15
72
73017612 (base 8) to base 11
880a301
Convert 233380 (base 11) to base 4.
1122130211
-34543103 (base 6) to base 4
-10011201033
-565024 (base 10) to base 7
-4542205
What is 2545174 (base 8) in base 15?
de816
Convert 100000001000011010 (base 2) to base 9.
220473
-1479732 (base 10) to base 3
-2210011210220
Convert 140560635 (base 7) to base 11.
5195383
Convert 233873 (base 13) to base 11.
521369
-1778536 (base 10) to base 8
-6621550
-32995b (base 12) to base 2
-11000100100000010111
-51502234 (base 6) to base 7
-15425416
-21022200021120 (base 3) to base 11
-2218301
Convert -10072125 (base 11) to base 9.
-40771728
92212 (base 12) to base 11
120045
342223223 (base 5) to base 14
2b933d
What is 11024509 (base 10) in base 13?
238cca2
Convert 2048865 (base 9) to base 7.
12212234
Convert 1100012012 (base 4) to base 10.
328070
1205553 (base 7) to base 6
3141313
-3b173b (base 12) to base 10
-977375
What is 100000100101110011111 (base 2) in base 8?
4045637
What is -3502552 (base 6) in base 13?
-63911
Convert 101120220010 (base 3) to base 14.
55d4c
What is 14440b1 (base 12) in base 5?
2020240201
127307 (base 16) to base 10
1209095
Convert 2172a (base 12) to base 13.
171a3
13210003 (base 6) to base 8
1525023
Convert -11011100010111100110010 (base 2) to base 13.
-165aa0a
Convert 87679 (base 10) to base 6.
1513531
Convert 26c9bc (base 13) to base 9.
1685147
What is -286362 (base 9) in base 2?
-101010110010011011
1c771c0 (base 13) to base 4
210032311210
-1012112211112 (base 3) to base 14
-1296a2
What is -100512 (base 6) in base 5?
-223324
What is -40572205 (base